{"id":330,"date":"2021-12-02T08:23:56","date_gmt":"2021-12-02T08:23:56","guid":{"rendered":"https:\/\/agroclim.ro\/?page_id=330"},"modified":"2022-07-24T20:49:43","modified_gmt":"2022-07-24T20:49:43","slug":"conferinte-stiintifice","status":"publish","type":"page","link":"https:\/\/agroclim.ro\/index.php\/conferinte-stiintifice\/","title":{"rendered":"Conferin\u021be \u0219tiin\u021bifice"},"content":{"rendered":"\n<p><\/p>\n\n\n\n<p>Agro-climatological suitability conditions changes in Romania based on different databases. A historical approach. Csaba HORVATH, Adina-Eliza CROITORU, Bela KOBULNICZKY, Valentina STOIAN, Titus-Cristian MAN, Sorin Daniel V\u00c2TC\u0102, Seminarul \u015etiin\u0163ific Dimitrie Cantemir, Universitatea Alexandru Ioan Cuza, Ia\u015fi, 3-5 Septembrie 2021.<\/p>\n\n\n\n<div class=\"wp-block-file\"><a id=\"wp-block-file--media-2df0877b-9ed3-4d7e-8236-17299390583d\" href=\"https:\/\/agroclim.ro\/wp-content\/uploads\/2021\/12\/Horvath_et_all_2021_conf-1.pdf\">Horvath_et_all_2021_conf-1<\/a><a href=\"https:\/\/agroclim.ro\/wp-content\/uploads\/2021\/12\/Horvath_et_all_2021_conf-1.pdf\" class=\"wp-block-file__button\" download aria-describedby=\"wp-block-file--media-2df0877b-9ed3-4d7e-8236-17299390583d\">Download<\/a><\/div>\n\n\n\n<p><\/p>\n\n\n\n<p>Changes in temperature extremes in Romania (1961-2013). Adina-Eliza CROITORU, Andrej CEGLAR, Csaba HORVATH,&nbsp; Adrian TELCIAN, Bela KOBULNICZKI, IS-ENES3 Workshop, Universitatea din Belgrad, 27 Septembrie 2021.<\/p>\n\n\n\n<div class=\"wp-block-file\"><a id=\"wp-block-file--media-6c1729dc-80c8-44cd-935f-db7c1a44deb6\" href=\"https:\/\/agroclim.ro\/wp-content\/uploads\/2021\/12\/Croitoru_et_al_conf.pdf\">Croitoru_et_al_conf<\/a><a href=\"https:\/\/agroclim.ro\/wp-content\/uploads\/2021\/12\/Croitoru_et_al_conf.pdf\" class=\"wp-block-file__button\" download aria-describedby=\"wp-block-file--media-6c1729dc-80c8-44cd-935f-db7c1a44deb6\">Download<\/a><\/div>\n\n\n\n<p><\/p>\n\n\n\n<p>Assessment of Maize Crop Climatic Conditions Requirements.&nbsp; Sorin V\u00e2tc\u0103, Adina Croitoru, Stoian Vlad, \u0218tefania G\u00e2dea, Stoian Valentina. Conferin\u0163a Interna\u0163ionala Aerul \u015fi Apa -Componente ale Mediului, Universitatea Babe\u015f-Bolyai, Cluj-Napoca, 22 Martie 2021.<\/p>\n\n\n\n<div class=\"wp-block-file\"><a id=\"wp-block-file--media-f0e4b126-fbd7-436a-ae1e-4377948cb7b5\" href=\"https:\/\/agroclim.ro\/wp-content\/uploads\/2021\/12\/Vatca_et_al_2021_conf-1.pdf\">Vatca_et_al_2021_conf-1<\/a><a href=\"https:\/\/agroclim.ro\/wp-content\/uploads\/2021\/12\/Vatca_et_al_2021_conf-1.pdf\" class=\"wp-block-file__button\" download aria-describedby=\"wp-block-file--media-f0e4b126-fbd7-436a-ae1e-4377948cb7b5\">Download<\/a><\/div>\n\n\n\n<p><\/p>\n\n\n\n<p>AGROCLIM \u2013 OPEN INNOVATION IN AGRICULTURE. Sorin POP, Sorin Daniel V\u00c2TC\u0102, Csaba HORVATH, Valentina Ancu\u021ba STOIAN, Adina CROITORU, 20th International Conference \u201dLife Sciences for Sustainable Development\u201d Universitatea de \u015etiin\u0163e Agricole \u015fi Medicin\u0103 Veterinar\u0103 Cluj-Napoca, 23 \u2013 24 Septembrie 2021.<\/p>\n\n\n\n<div class=\"wp-block-file\"><a id=\"wp-block-file--media-23c9fe72-74ac-4e79-9555-d4a86f5bb0d1\" href=\"https:\/\/agroclim.ro\/wp-content\/uploads\/2021\/12\/Pop_et_al_2021_conf-1.pdf\">Pop_et_al_2021_conf-1<\/a><a href=\"https:\/\/agroclim.ro\/wp-content\/uploads\/2021\/12\/Pop_et_al_2021_conf-1.pdf\" class=\"wp-block-file__button\" download aria-describedby=\"wp-block-file--media-23c9fe72-74ac-4e79-9555-d4a86f5bb0d1\">Download<\/a><\/div>\n\n\n\n<p><strong><em>Assessing Changes of Water Resource Indices over Romania. <\/em><\/strong>Csaba HORVATH, Blanka BARTOK, Adina-Eliza CROITORU. Conferin\u0163a Interna\u0163ional\u0103 Aerul \u015fi Apa \u2013 Componente ale Mediului, Universitatea Babe\u015f-Bolyai, Cluj-Napoca, 18 martie 2022<\/p>\n\n\n\n<div class=\"wp-block-file\"><a id=\"wp-block-file--media-6317cebf-a029-4282-986c-e5d4dcca3ee6\" href=\"https:\/\/agroclim.ro\/wp-content\/uploads\/2022\/07\/Horvath_et_al_AWC2022-1.pdf\">Horvath_et_al_AWC2022-1<\/a><a href=\"https:\/\/agroclim.ro\/wp-content\/uploads\/2022\/07\/Horvath_et_al_AWC2022-1.pdf\" class=\"wp-block-file__button\" download aria-describedby=\"wp-block-file--media-6317cebf-a029-4282-986c-e5d4dcca3ee6\">Download<\/a><\/div>\n\n\n\n<p><strong><em>Crops Diversity And Cropped Yield Evolution Under Climatic Conditions From Bra\u0219ov County<\/em><\/strong>. Sorin V\u00e2tc\u0103, Csaba Horvath, \u0218tefan Chircan, \u0218tefania G\u00e2dea, Anamaria V\u00e2tc\u0103, Valentina Stoian, Multidisciplinary Scientific Conference on Sustainable Development, USAMVB Timisoara, 26-27 mai 2022<\/p>\n\n\n\n<div class=\"wp-block-file\"><a id=\"wp-block-file--media-bec63493-31a2-4fc9-a481-c160bdc914d1\" href=\"https:\/\/agroclim.ro\/wp-content\/uploads\/2022\/07\/Vatca_et_al_2022_poster-1.pdf\">Vatca_et_al_2022_poster-1<\/a><a href=\"https:\/\/agroclim.ro\/wp-content\/uploads\/2022\/07\/Vatca_et_al_2022_poster-1.pdf\" class=\"wp-block-file__button\" download aria-describedby=\"wp-block-file--media-bec63493-31a2-4fc9-a481-c160bdc914d1\">Download<\/a><\/div>\n\n\n\n<p><strong><em>Agroclimatic and soil suitability areas for maize crop in Romania<\/em><\/strong>.&nbsp; Adina-Eliza Croitoru, Csaba Horvath, Bela Kobulniczky, Titus-Cristian Man, Valentina Stoian, Sorin Daniel Vatca, Sorin Telcian, Vlad Stoian. Conferin\u021ba Present Environment and Sustainable Development, Universitatea Al. I. Cuza Ia\u015fi, 3-4 iunie 2022<\/p>\n\n\n\n<div class=\"wp-block-file\"><a id=\"wp-block-file--media-6d58b9da-9099-4c69-b603-8862b17f42a1\" href=\"https:\/\/agroclim.ro\/wp-content\/uploads\/2022\/07\/Croitoru_et_al_PESD_2022-1.pdf\">Croitoru_et_al_PESD_2022-1<\/a><a href=\"https:\/\/agroclim.ro\/wp-content\/uploads\/2022\/07\/Croitoru_et_al_PESD_2022-1.pdf\" class=\"wp-block-file__button\" download aria-describedby=\"wp-block-file--media-6d58b9da-9099-4c69-b603-8862b17f42a1\">Download<\/a><\/div>\n\n\n\n<p><strong><em>Changes in temperature extremes related to agriculture and water resources based on gridded daily data in Romania<\/em><\/strong>. Csaba HORVATH, Adina-Eliza CROITORU, Conferin\u021ba Present Environment and Sustainable Development, Universitatea Al. I. Cuza Ia\u015fi, 3-4 iunie 2022&nbsp;<\/p>\n\n\n\n<div class=\"wp-block-file\"><a id=\"wp-block-file--media-a2080d2b-01bc-4a34-935a-8c30ad9e193c\" href=\"https:\/\/agroclim.ro\/wp-content\/uploads\/2022\/07\/Horvath_et_Croitoru_PESD_2022-1.pdf\">Horvath_et_Croitoru_PESD_2022-1<\/a><a href=\"https:\/\/agroclim.ro\/wp-content\/uploads\/2022\/07\/Horvath_et_Croitoru_PESD_2022-1.pdf\" class=\"wp-block-file__button\" download aria-describedby=\"wp-block-file--media-a2080d2b-01bc-4a34-935a-8c30ad9e193c\">Download<\/a><\/div>\n","protected":false},"excerpt":{"rendered":"<p>Agro-climatological suitability conditions changes in Romania based on different databases. A historical approach. Csaba HORVATH, Adina-Eliza CROITORU, Bela KOBULNICZKY, Valentina STOIAN, Titus-Cristian MAN, Sorin Daniel V\u00c2TC\u0102, Seminarul \u015etiin\u0163ific Dimitrie Cantemir, Universitatea Alexandru Ioan Cuza, Ia\u015fi, 3-5 Septembrie 2021. Changes in temperature extremes in Romania (1961-2013). Adina-Eliza CROITORU, Andrej CEGLAR, Csaba&#8230;<\/p>\n<p> <a class=\"continue-reading-link\" href=\"https:\/\/agroclim.ro\/index.php\/conferinte-stiintifice\/\"><span>Continue reading<\/span><i class=\"crycon-right-dir\"><\/i><\/a> <\/p>\n","protected":false},"author":1,"featured_media":0,"parent":0,"menu_order":0,"comment_status":"closed","ping_status":"closed","template":"","meta":{"footnotes":""},"class_list":["post-330","page","type-page","status-publish","hentry"],"_links":{"self":[{"href":"https:\/\/agroclim.ro\/index.php\/wp-json\/wp\/v2\/pages\/330","targetHints":{"allow":["GET"]}}],"collection":[{"href":"https:\/\/agroclim.ro\/index.php\/wp-json\/wp\/v2\/pages"}],"about":[{"href":"https:\/\/agroclim.ro\/index.php\/wp-json\/wp\/v2\/types\/page"}],"author":[{"embeddable":true,"href":"https:\/\/agroclim.ro\/index.php\/wp-json\/wp\/v2\/users\/1"}],"replies":[{"embeddable":true,"href":"https:\/\/agroclim.ro\/index.php\/wp-json\/wp\/v2\/comments?post=330"}],"version-history":[{"count":2,"href":"https:\/\/agroclim.ro\/index.php\/wp-json\/wp\/v2\/pages\/330\/revisions"}],"predecessor-version":[{"id":581,"href":"https:\/\/agroclim.ro\/index.php\/wp-json\/wp\/v2\/pages\/330\/revisions\/581"}],"wp:attachment":[{"href":"https:\/\/agroclim.ro\/index.php\/wp-json\/wp\/v2\/media?parent=330"}],"curies":[{"name":"wp","href":"https:\/\/api.w.org\/{rel}","templated":true}]}}