{"id":341,"date":"2021-12-02T08:53:19","date_gmt":"2021-12-02T08:53:19","guid":{"rendered":"https:\/\/agroclim.ro\/?page_id=341"},"modified":"2021-12-02T09:56:29","modified_gmt":"2021-12-02T09:56:29","slug":"obiective-2","status":"publish","type":"page","link":"https:\/\/agroclim.ro\/index.php\/obiective-2\/","title":{"rendered":"Obiective"},"content":{"rendered":"\n<p><strong>Scopul proiectului :<\/strong><\/p>\n\n\n\n<p>Scopul principal al acestui proiect este de a dezvolta o platform\u0103 care s\u0103 redefineasca zonele de favorabilitate pentru culturile de porumb \u0219i gr\u00e2u de toamna, pe baza condi\u021biilor agro-climatice \u0219i de sol din Rom\u00e2nia. Platforma va integra condi\u021biile climatologice derivate din datele zilnice de temperatur\u0103 \u0219i precipita\u021bii la diferite scari temporale (an, deceniu \u0219i perioade de 30 de ani) pentru o perioad\u0103 istoric\u0103 de 53 de ani \u0219i pentru urm\u0103torii 30 de ani (2021-2050) la un nivel rezolu\u021bie spa\u021bial\u0103 foarte buna, de de 0,1\u00b0\/0,1\u00b0 lat\/lon (disponibil\u0103 din baza de date ROCADA) cu condi\u021biile de sol derivate din harta solurilor la scara 1: 200000.  Pentru estimarile viitoare, se vor utiliza date corectate din proiectul EURO-CORDEX provenind din modelele climatice regionale la aceea\u0219i rezolu\u021bie spa\u021bial\u0103. Rezultalele a cel putin 5 modele climatice regionale pentru diferite scenarii vor fi luate \u00een considerare. Aceasta este cea mai bun\u0103 rezolu\u021bie spa\u021bial\u0103 disponibil\u0103 la momentul propunerii at\u00e2t pentru datele climatice, c\u00e2t \u0219i pentru cel de sol din Rom\u00e2nia. Vor fi<br>folosi\u021bi indici agro-climatici specifici sectorului \u201eagricultur\u0103 \u0219i securitate alimentar\u0103\u201d recomandati de echipa de exper\u021bi pentru indici climatici specifici pe sectoare (ET-SCI). Apoi, acestea vor fi integrate \u00een platforma disponibil\u0103 online si se vor suprapune pe harta solului.<br>Aceast\u0103 scar\u0103 spa\u021bial\u0103 fin\u0103 este un mare avantaj pentru topografia complex\u0103 a \u021b\u0103rii, deoarece altitudinea \u0219i, prin urmare, temperatura, precipita\u021biile \u0219i solul se schimb\u0103 pe distan\u021be foarte mici. Estimam c\u0103 acest serviciu va fi extrem de util fermierilor locali, v\u00e2nz\u0103torilor de semin\u021be \u0219i autorit\u0103\u021bilor publice. Rom\u00e2nia va beneficia de hartile de favorabilitate a condi\u021biilor agroclimatice si de sol cu cea mai buna rezolutie spatiala pentru culturile de porumb \u0219i gr\u00e2u de toamna din<br>Uniunea European\u0103 \u0219i va fi astfel primul stat membru care va implementa un astfel de serviciu \u00een conformitate cu recomandarea Politicii Agricole Comune a UE.<br><br><br><strong><strong><strong>Obiective specifice (SO) si activitati ale proiectului:<\/strong><\/strong><\/strong><\/p>\n\n\n\n<p><strong>SO 1. Preg\u0103tirea bazelor de date \u0219i h\u0103r\u021bilor de baz\u0103 climatice (coordonat de UBB \u0219i implementat de UBB \u0219i Indeco SOFT).<\/strong><br><br><strong>Activitatea 1.1.\u00a0<\/strong>Extragerea datelor de temperatur\u0103 \u0219i precipita\u021bii din baza de date ROCADA (baza de date istoric\u0103);<br><br><strong>Activitatea\u00a01.2.<\/strong>\u00a0Extragerea datelor de temperatur\u0103 \u0219i precipita\u021bii din modelele climatice regionale (perioada viitoare);<br><br><strong>Activitatea<\/strong>\u00a0<strong>1.3.<\/strong>\u00a0Preg\u0103tirea h\u0103r\u021bilor de baz\u0103 pentru analiza GIS.<br><br><br><strong>SO 2. Identificarea condi\u021biilor agro-climatic de favorabilitate pentru cre\u0219terea diferi\u021bilor hibrizi de porumb \u0219i gr\u00e2u de toamn\u0103 (coordonat de UASMV \u0219i implementat de UASMV \u0219i UBB).<\/strong><em><br><br><\/em><strong>Activitatea<\/strong>\u00a0<strong>2.1.<\/strong><em>\u00a0Identificarea condi\u021biilor de favorabilitate din punct de vedere al temperaturii pentru cre\u0219terea diferitor hibrizi de porumb;<br><br><\/em><strong>Activitatea<\/strong>\u00a0<strong>2.2.<\/strong><em>\u00a0Identificarea condi\u021biilor de favorabilitate\u00a0din punct de vedere al\u00a0precipita\u021biilor pentru cre\u0219terea diferitor hibrizi de porumb;<br><br><\/em><strong>SO 3. Design \u0219i testare a platformei online (coordonat de Indeco Soft \u0219i implementat de Indeco Soft \u0219i UBB).<\/strong><em><br><br><\/em><strong>Activitatea<\/strong>\u00a0<strong>3.1.<\/strong><em>\u00a0Cercetare, dezvoltare \u0219i implementare a platformei IntelliGIS;<br><br><\/em><strong>Activitatea<\/strong>\u00a0<strong>3.2.<\/strong><em>\u00a0Cercetare-dezvoltare a serviciilor de procesare Smart Data Analitycs.<br><br><\/em><strong>SO 4. Calculul indicilor relevan\u021bi de temperatur\u0103 \u0219i precipita\u021bii pentru culturile alese pentru perioada istoric\u0103 \u0219i pentru perioada 2020-2050 (coordonat\u0103 de UBB \u0219i implementat\u0103 de UBB \u0219i Indeco Soft).<\/strong><em><br><br><\/em><strong>Activitatea<\/strong>\u00a0<strong>4.1.<\/strong><em>\u00a0Calculul indicilor agro-climatici relevan\u021bi pentru culturile alese pentru perioada istoric\u0103;<br><br><\/em><strong>Activitatea<\/strong>\u00a0<strong>4.2.<\/strong><em>\u00a0Calculul indicilor agro-climatici relevan\u021bi pentru culturile alese pentru perioada\u00a02020-2050;<br><br><\/em><strong>Activitatea<\/strong>\u00a0<strong>4.3.<\/strong><em>\u00a0Cartografierea rezultatelor activit\u0103\u021bilor A4.1 and A4.2 pe ani, decenii \u0219i perioade de 30 de ani (UBB).<br><br><\/em><strong>SO 5. Optimizarea bazei de date a solurilor Rom\u00e2niei, conform sistemului de clasificare FAO (coordonat de UASMV \u0219i implementat de UASMV \u0219i UBB).<\/strong><em><br><br><\/em><strong>Activitatea<\/strong>\u00a0<strong>5.1.<\/strong><em>\u00a0Optimizarea bazei de date spa\u021biale;<br><br><\/em><strong>Activitatea<\/strong>\u00a0<strong>5.2.<\/strong><em>\u00a0Optimizarea clasific\u0103rii h\u0103r\u021bii generale a solurilor pentru Romania;<br><br><\/em><strong>Activitatea<\/strong>\u00a0<strong>5.3.<\/strong><em>\u00a0Construc\u021bia h\u0103r\u021bii omogene a solurilor pentru teritoriul Rom\u00e2niei.<br><br><strong>SO 6. Integrarea datelor climatice \u0219i de soluri \u00een platform\u0103 (coordonat \u0219i implementat de Indeco Soft)<\/strong><br><br><\/em><strong>Activitatea<\/strong>\u00a0<strong>6.1.<\/strong><em>\u00a0Integrarea datelor agro-climatice data \u00een platform\u0103;<br><br><\/em><strong>Activitatea<\/strong>\u00a0<strong>6.2.<\/strong><em>\u00a0Integrarea datelor despre soluri \u00een platform\u0103.<br><br><\/em><strong>SO 7. Diseminarea rezultatelor (coordonat de UBB \u0219i implementat de UBB \u0219i UASVM).<\/strong><em><br><br><\/em><strong>Activitatea<\/strong>\u00a0<strong>7.1.<\/strong><em>\u00a0Design, dezvoltare \u0219i actualizare a site-ului web al proiectului;<br><br><\/em><strong>Activitatea<\/strong>\u00a0<strong>7.2.<\/strong><em>\u00a0Participare la conferin\u021be \u0219tiin\u021bifice na\u021bionale \u0219i interna\u021bionale;<br><br><\/em><strong>Activitatea<\/strong>\u00a0<strong>7.3.<\/strong><em>\u00a0Publicarea a dou\u0103 articole \u00een journale cu factor de impact calculat;<br><br><\/em><strong>Activitatea<\/strong>\u00a0<strong>7.4.<\/strong><em>\u00a0Organizarea unui workshop de prezentare a sistemului nou creat c\u0103tre actorii relevan\u021bi.<\/em><\/p>\n\n\n\n<p><\/p>\n\n\n\n<p id=\"block-2c14e2d2-831b-4cb6-99f4-631050058f59\"><strong>Calendarul implement\u0103rii proiectului<\/strong><\/p>\n\n\n\n<figure class=\"wp-block-image size-large\"><img fetchpriority=\"high\" decoding=\"async\" width=\"917\" height=\"533\" src=\"https:\/\/agroclim.ro\/wp-content\/uploads\/2021\/12\/image.png\" alt=\"\" class=\"wp-image-391\" srcset=\"https:\/\/agroclim.ro\/wp-content\/uploads\/2021\/12\/image.png 917w, https:\/\/agroclim.ro\/wp-content\/uploads\/2021\/12\/image-300x174.png 300w, https:\/\/agroclim.ro\/wp-content\/uploads\/2021\/12\/image-768x446.png 768w, https:\/\/agroclim.ro\/wp-content\/uploads\/2021\/12\/image-150x87.png 150w\" sizes=\"(max-width: 917px) 100vw, 917px\" \/><\/figure>\n","protected":false},"excerpt":{"rendered":"<p>Scopul proiectului : Scopul principal al acestui proiect este de a dezvolta o platform\u0103 care s\u0103 redefineasca zonele de favorabilitate pentru culturile de porumb \u0219i gr\u00e2u de toamna, pe baza condi\u021biilor agro-climatice \u0219i de sol din Rom\u00e2nia. Platforma va integra condi\u021biile climatologice derivate din datele zilnice de temperatur\u0103 \u0219i precipita\u021bii&#8230;<\/p>\n<p> <a class=\"continue-reading-link\" href=\"https:\/\/agroclim.ro\/index.php\/obiective-2\/\"><span>Continue reading<\/span><i class=\"crycon-right-dir\"><\/i><\/a> <\/p>\n","protected":false},"author":2,"featured_media":0,"parent":0,"menu_order":0,"comment_status":"closed","ping_status":"closed","template":"","meta":{"footnotes":""},"class_list":["post-341","page","type-page","status-publish","hentry"],"_links":{"self":[{"href":"https:\/\/agroclim.ro\/index.php\/wp-json\/wp\/v2\/pages\/341","targetHints":{"allow":["GET"]}}],"collection":[{"href":"https:\/\/agroclim.ro\/index.php\/wp-json\/wp\/v2\/pages"}],"about":[{"href":"https:\/\/agroclim.ro\/index.php\/wp-json\/wp\/v2\/types\/page"}],"author":[{"embeddable":true,"href":"https:\/\/agroclim.ro\/index.php\/wp-json\/wp\/v2\/users\/2"}],"replies":[{"embeddable":true,"href":"https:\/\/agroclim.ro\/index.php\/wp-json\/wp\/v2\/comments?post=341"}],"version-history":[{"count":3,"href":"https:\/\/agroclim.ro\/index.php\/wp-json\/wp\/v2\/pages\/341\/revisions"}],"predecessor-version":[{"id":393,"href":"https:\/\/agroclim.ro\/index.php\/wp-json\/wp\/v2\/pages\/341\/revisions\/393"}],"wp:attachment":[{"href":"https:\/\/agroclim.ro\/index.php\/wp-json\/wp\/v2\/media?parent=341"}],"curies":[{"name":"wp","href":"https:\/\/api.w.org\/{rel}","templated":true}]}}